{"id":295,"date":"2025-02-10T15:48:22","date_gmt":"2025-02-10T14:48:22","guid":{"rendered":"http:\/\/fae-concept.fr\/?page_id=295"},"modified":"2025-02-24T19:38:53","modified_gmt":"2025-02-24T18:38:53","slug":"pac","status":"publish","type":"page","link":"https:\/\/fae-concept.fr\/?page_id=295","title":{"rendered":"PAC"},"content":{"rendered":"\t\t<div data-elementor-type=\"wp-page\" data-elementor-id=\"295\" class=\"elementor elementor-295\">\n\t\t\t\t<div class=\"elementor-element elementor-element-f179e61 e-flex e-con-boxed e-con e-parent\" data-id=\"f179e61\" data-element_type=\"container\">\n\t\t\t\t\t<div class=\"e-con-inner\">\n\t\t<div class=\"elementor-element elementor-element-ff4bdc3 e-con-full e-flex e-con e-child\" data-id=\"ff4bdc3\" data-element_type=\"container\">\n\t\t\t\t<div class=\"elementor-element elementor-element-f51b243 elementor-widget__width-initial elementor-invisible elementor-widget elementor-widget-heading\" data-id=\"f51b243\" data-element_type=\"widget\" data-settings=\"{&quot;_animation&quot;:&quot;fadeInLeft&quot;}\" data-widget_type=\"heading.default\">\n\t\t\t\t<div class=\"elementor-widget-container\">\n\t\t\t\t\t<span class=\"elementor-heading-title elementor-size-default\">Performance \u00e9nerg\u00e9tique<\/span>\t\t\t\t<\/div>\n\t\t\t\t<\/div>\n\t\t<div class=\"elementor-element elementor-element-fda91be e-con-full e-flex e-con e-child\" data-id=\"fda91be\" data-element_type=\"container\">\n\t\t<div class=\"elementor-element elementor-element-5b6b48a e-con-full e-flex e-con e-child\" data-id=\"5b6b48a\" data-element_type=\"container\">\n\t\t<div class=\"elementor-element elementor-element-35f7f32 e-con-full e-flex e-con e-child\" data-id=\"35f7f32\" data-element_type=\"container\">\n\t\t\t\t<div class=\"elementor-element elementor-element-61d8021 elementor-widget elementor-widget-heading\" data-id=\"61d8021\" data-element_type=\"widget\" data-widget_type=\"heading.default\">\n\t\t\t\t<div class=\"elementor-widget-container\">\n\t\t\t\t\t<h2 class=\"elementor-heading-title elementor-size-default\">Pompe \u00e0 chaleur : performance, \u00e9conomies et confort<\/h2>\t\t\t\t<\/div>\n\t\t\t\t<\/div>\n\t\t\t\t<div class=\"elementor-element elementor-element-e39a2b6 elementor-widget elementor-widget-text-editor\" data-id=\"e39a2b6\" data-element_type=\"widget\" data-widget_type=\"text-editor.default\">\n\t\t\t\t<div class=\"elementor-widget-container\">\n\t\t\t\t\t\t\t\t\t<p>Vous souhaitez r\u00e9duire votre facture d\u2019\u00e9lectricit\u00e9 tout en adoptant une solution \u00e9cologique ? Notre entreprise vous accompagne dans l\u2019installation de <strong>panneaux solaires<\/strong>, une alternative efficace et durable pour produire votre propre \u00e9lectricit\u00e9.<\/p>\n<p>\u2705 <strong>\u00c9tude personnalis\u00e9e<\/strong> : Nous analysons votre consommation et l\u2019ensoleillement de votre site pour une installation optimis\u00e9e.<br \/>\u2705 <strong>Mat\u00e9riel de qualit\u00e9<\/strong> : Nous utilisons des \u00e9quipements performants et durables pour garantir un rendement optimal.<br \/>\u2705 <strong>Installation cl\u00e9 en main<\/strong> : De la conception \u00e0 la mise en service, nous prenons en charge l\u2019ensemble du projet.<br \/>\u2705 <strong>\u00c9conomies et aides financi\u00e8res<\/strong> : Profitez des aides de l\u2019\u00c9tat et r\u00e9duisez votre facture \u00e9nerg\u00e9tique gr\u00e2ce \u00e0 l\u2019autoconsommation.<\/p>\n<p>Optez pour une <strong>\u00e9nergie renouvelable et locale<\/strong> avec notre expertise en <strong>solutions solaires<\/strong>. Contactez-nous d\u00e8s aujourd\u2019hui pour un devis personnalis\u00e9 ! \u2600\ufe0f\ud83d\udd0b<\/p>\t\t\t\t\t\t\t\t<\/div>\n\t\t\t\t<\/div>\n\t\t\t\t<\/div>\n\t\t\t\t<\/div>\n\t\t<div class=\"elementor-element elementor-element-4498098 e-con-full e-flex e-con e-child\" data-id=\"4498098\" data-element_type=\"container\">\n\t\t<div class=\"elementor-element elementor-element-0041fd4 e-con-full e-flex e-con e-child\" data-id=\"0041fd4\" data-element_type=\"container\">\n\t\t\t\t<div class=\"elementor-element elementor-element-d22aaf2 elementor-position-top elementor-widget elementor-widget-image-box\" data-id=\"d22aaf2\" data-element_type=\"widget\" data-widget_type=\"image-box.default\">\n\t\t\t\t<div class=\"elementor-widget-container\">\n\t\t\t\t\t<div class=\"elementor-image-box-wrapper\"><figure class=\"elementor-image-box-img\"><img fetchpriority=\"high\" decoding=\"async\" width=\"1920\" height=\"2560\" src=\"https:\/\/fae-concept.fr\/wp-content\/uploads\/2025\/02\/IMG_2924-scaled.webp\" class=\"elementor-animation-sink attachment-full size-full wp-image-127\" alt=\"\" srcset=\"https:\/\/fae-concept.fr\/wp-content\/uploads\/2025\/02\/IMG_2924-scaled.webp 1920w, https:\/\/fae-concept.fr\/wp-content\/uploads\/2025\/02\/IMG_2924-225x300.webp 225w, https:\/\/fae-concept.fr\/wp-content\/uploads\/2025\/02\/IMG_2924-768x1024.webp 768w, https:\/\/fae-concept.fr\/wp-content\/uploads\/2025\/02\/IMG_2924-1152x1536.webp 1152w, https:\/\/fae-concept.fr\/wp-content\/uploads\/2025\/02\/IMG_2924-1536x2048.webp 1536w\" sizes=\"(max-width: 1920px) 100vw, 1920px\" \/><\/figure><\/div>\t\t\t\t<\/div>\n\t\t\t\t<\/div>\n\t\t\t\t<\/div>\n\t\t\t\t<\/div>\n\t\t\t\t<\/div>\n\t\t\t\t<div class=\"elementor-element elementor-element-006443a elementor-widget elementor-widget-heading\" data-id=\"006443a\" data-element_type=\"widget\" data-widget_type=\"heading.default\">\n\t\t\t\t<div class=\"elementor-widget-container\">\n\t\t\t\t\t<h2 class=\"elementor-heading-title elementor-size-default\">Climatisation et pompe \u00e0 chaleur : un m\u00eame principe de fonctionnement !!!<\/h2>\t\t\t\t<\/div>\n\t\t\t\t<\/div>\n\t\t\t\t<div class=\"elementor-element elementor-element-4905273 elementor-widget elementor-widget-text-editor\" data-id=\"4905273\" data-element_type=\"widget\" data-widget_type=\"text-editor.default\">\n\t\t\t\t<div class=\"elementor-widget-container\">\n\t\t\t\t\t\t\t\t\t<p>Savez-vous que les <strong>climatiseurs<\/strong> et les <strong>pompes \u00e0 chaleur<\/strong> reposent sur le m\u00eame principe ? En effet, une climatisation r\u00e9versible est une <strong>pompe \u00e0 chaleur air-air<\/strong> capable de chauffer en hiver et de rafra\u00eechir en \u00e9t\u00e9. Ces deux syst\u00e8mes fonctionnent gr\u00e2ce \u00e0 un cycle thermodynamique qui transf\u00e8re la chaleur d\u2019un milieu \u00e0 un autre \u00e0 l\u2019aide d\u2019un fluide frigorig\u00e8ne.<\/p><p>Ainsi, que vous installiez une <strong>pompe \u00e0 chaleur<\/strong> ou une <strong>climatisation r\u00e9versible<\/strong>, vous b\u00e9n\u00e9ficiez d\u2019un confort thermique optimis\u00e9 tout au long de l\u2019ann\u00e9e, avec une consommation \u00e9nerg\u00e9tique r\u00e9duite. \ud83d\udd25\u2744\ufe0f<\/p>\t\t\t\t\t\t\t\t<\/div>\n\t\t\t\t<\/div>\n\t\t\t\t<div class=\"elementor-element elementor-element-000eb29 elementor-position-top elementor-widget elementor-widget-image-box\" data-id=\"000eb29\" data-element_type=\"widget\" data-widget_type=\"image-box.default\">\n\t\t\t\t<div class=\"elementor-widget-container\">\n\t\t\t\t\t<div class=\"elementor-image-box-wrapper\"><figure class=\"elementor-image-box-img\"><img decoding=\"async\" width=\"1920\" height=\"2560\" src=\"https:\/\/fae-concept.fr\/wp-content\/uploads\/2025\/02\/IMG_2943-scaled.webp\" class=\"elementor-animation-sink attachment-full size-full wp-image-128\" alt=\"\" srcset=\"https:\/\/fae-concept.fr\/wp-content\/uploads\/2025\/02\/IMG_2943-scaled.webp 1920w, https:\/\/fae-concept.fr\/wp-content\/uploads\/2025\/02\/IMG_2943-225x300.webp 225w, https:\/\/fae-concept.fr\/wp-content\/uploads\/2025\/02\/IMG_2943-768x1024.webp 768w, https:\/\/fae-concept.fr\/wp-content\/uploads\/2025\/02\/IMG_2943-1152x1536.webp 1152w, https:\/\/fae-concept.fr\/wp-content\/uploads\/2025\/02\/IMG_2943-1536x2048.webp 1536w\" sizes=\"(max-width: 1920px) 100vw, 1920px\" \/><\/figure><div class=\"elementor-image-box-content\"><h3 class=\"elementor-image-box-title\">Gainable <\/h3><\/div><\/div>\t\t\t\t<\/div>\n\t\t\t\t<\/div>\n\t\t\t\t<div class=\"elementor-element elementor-element-dfddff2 elementor-position-top elementor-widget elementor-widget-image-box\" data-id=\"dfddff2\" data-element_type=\"widget\" data-widget_type=\"image-box.default\">\n\t\t\t\t<div class=\"elementor-widget-container\">\n\t\t\t\t\t<div class=\"elementor-image-box-wrapper\"><figure class=\"elementor-image-box-img\"><img decoding=\"async\" width=\"1920\" height=\"2560\" src=\"https:\/\/fae-concept.fr\/wp-content\/uploads\/2025\/02\/IMG_4616-scaled.webp\" class=\"attachment-full size-full wp-image-151\" alt=\"\" srcset=\"https:\/\/fae-concept.fr\/wp-content\/uploads\/2025\/02\/IMG_4616-scaled.webp 1920w, https:\/\/fae-concept.fr\/wp-content\/uploads\/2025\/02\/IMG_4616-225x300.webp 225w, https:\/\/fae-concept.fr\/wp-content\/uploads\/2025\/02\/IMG_4616-768x1024.webp 768w, https:\/\/fae-concept.fr\/wp-content\/uploads\/2025\/02\/IMG_4616-1152x1536.webp 1152w, https:\/\/fae-concept.fr\/wp-content\/uploads\/2025\/02\/IMG_4616-1536x2048.webp 1536w\" sizes=\"(max-width: 1920px) 100vw, 1920px\" \/><\/figure><div class=\"elementor-image-box-content\"><h3 class=\"elementor-image-box-title\">Split<\/h3><\/div><\/div>\t\t\t\t<\/div>\n\t\t\t\t<\/div>\n\t\t\t\t<\/div>\n\t\t\t\t\t<\/div>\n\t\t\t\t<\/div>\n\t\t\t\t<\/div>\n\t\t","protected":false},"excerpt":{"rendered":"<p>Performance \u00e9nerg\u00e9tique Pompe \u00e0 chaleur : performance, \u00e9conomies et confort Vous souhaitez r\u00e9duire votre facture d\u2019\u00e9lectricit\u00e9 tout en adoptant une [&hellip;]<\/p>\n","protected":false},"author":1,"featured_media":0,"parent":298,"menu_order":0,"comment_status":"closed","ping_status":"closed","template":"","meta":{"site-sidebar-layout":"no-sidebar","site-content-layout":"","ast-site-content-layout":"full-width-container","site-content-style":"default","site-sidebar-style":"default","ast-global-header-display":"","ast-banner-title-visibility":"","ast-main-header-display":"","ast-hfb-above-header-display":"","ast-hfb-below-header-display":"","ast-hfb-mobile-header-display":"","site-post-title":"disabled","ast-breadcrumbs-content":"","ast-featured-img":"disabled","footer-sml-layout":"","theme-transparent-header-meta":"","adv-header-id-meta":"","stick-header-meta":"","header-above-stick-meta":"","header-main-stick-meta":"","header-below-stick-meta":"","astra-migrate-meta-layouts":"default","ast-page-background-enabled":"default","ast-page-background-meta":{"desktop":{"background-color":"var(--ast-global-color-5)","background-image":"","background-repeat":"repeat","background-position":"center center","background-size":"auto","background-attachment":"scroll","background-type":"","background-media":"","overlay-type":"","overlay-color":"","overlay-opacity":"","overlay-gradient":""},"tablet":{"background-color":"","background-image":"","background-repeat":"repeat","background-position":"center center","background-size":"auto","background-attachment":"scroll","background-type":"","background-media":"","overlay-type":"","overlay-color":"","overlay-opacity":"","overlay-gradient":""},"mobile":{"background-color":"","background-image":"","background-repeat":"repeat","background-position":"center center","background-size":"auto","background-attachment":"scroll","background-type":"","background-media":"","overlay-type":"","overlay-color":"","overlay-opacity":"","overlay-gradient":""}},"ast-content-background-meta":{"desktop":{"background-color":"var(--ast-global-color-4)","background-image":"","background-repeat":"repeat","background-position":"center center","background-size":"auto","background-attachment":"scroll","background-type":"","background-media":"","overlay-type":"","overlay-color":"","overlay-opacity":"","overlay-gradient":""},"tablet":{"background-color":"var(--ast-global-color-4)","background-image":"","background-repeat":"repeat","background-position":"center center","background-size":"auto","background-attachment":"scroll","background-type":"","background-media":"","overlay-type":"","overlay-color":"","overlay-opacity":"","overlay-gradient":""},"mobile":{"background-color":"var(--ast-global-color-4)","background-image":"","background-repeat":"repeat","background-position":"center center","background-size":"auto","background-attachment":"scroll","background-type":"","background-media":"","overlay-type":"","overlay-color":"","overlay-opacity":"","overlay-gradient":""}},"footnotes":""},"class_list":["post-295","page","type-page","status-publish","hentry"],"_links":{"self":[{"href":"https:\/\/fae-concept.fr\/index.php?rest_route=\/wp\/v2\/pages\/295","targetHints":{"allow":["GET"]}}],"collection":[{"href":"https:\/\/fae-concept.fr\/index.php?rest_route=\/wp\/v2\/pages"}],"about":[{"href":"https:\/\/fae-concept.fr\/index.php?rest_route=\/wp\/v2\/types\/page"}],"author":[{"embeddable":true,"href":"https:\/\/fae-concept.fr\/index.php?rest_route=\/wp\/v2\/users\/1"}],"replies":[{"embeddable":true,"href":"https:\/\/fae-concept.fr\/index.php?rest_route=%2Fwp%2Fv2%2Fcomments&post=295"}],"version-history":[{"count":20,"href":"https:\/\/fae-concept.fr\/index.php?rest_route=\/wp\/v2\/pages\/295\/revisions"}],"predecessor-version":[{"id":410,"href":"https:\/\/fae-concept.fr\/index.php?rest_route=\/wp\/v2\/pages\/295\/revisions\/410"}],"up":[{"embeddable":true,"href":"https:\/\/fae-concept.fr\/index.php?rest_route=\/wp\/v2\/pages\/298"}],"wp:attachment":[{"href":"https:\/\/fae-concept.fr\/index.php?rest_route=%2Fwp%2Fv2%2Fmedia&parent=295"}],"curies":[{"name":"wp","href":"https:\/\/api.w.org\/{rel}","templated":true}]}}